{"id":33915,"date":"2026-01-30T15:53:58","date_gmt":"2026-01-30T14:53:58","guid":{"rendered":"https:\/\/www.polandtastesgood.pl\/?post_type=tribe_events&#038;p=33915"},"modified":"2026-01-30T15:53:58","modified_gmt":"2026-01-30T14:53:58","slug":"plma-amsterdam-2026-polskie-stoisko-narodowe","status":"publish","type":"tribe_events","link":"https:\/\/www.polandtastesgood.pl\/pl\/wydarzenie\/plma-amsterdam-2026-polskie-stoisko-narodowe\/","title":{"rendered":"PLMA Amsterdam 2026 \u2013 polskie stoisko narodowe"},"content":{"rendered":"<p>Krajowy O\u015brodek Wsparcia Rolnictwa planuje organizacj\u0119 polskiego stoiska narodowego na targach spo\u017cywczych PLMA (World of Private Label International Trade Show), kt\u00f3re odb\u0119d\u0105 si\u0119 w dniach 19-20 maja 2026 r. w Amsterdamie w Niderlandach.<\/p>\n<p><strong>PLMA \u201eWorld of Private Label\u201d <\/strong>to wiod\u0105ce targi po\u015bwi\u0119cone produktom marki w\u0142asnej. Wydarzenie gromadzi producent\u00f3w, detalist\u00f3w i profesjonalist\u00f3w z ca\u0142ego \u015bwiata. Stanowi kluczow\u0105 platform\u0119 do prezentacji innowacji, trend\u00f3w i strategii w zakresie rozwoju marek w\u0142asnych.<\/p>\n<p>Zapraszamy do odwiedzenia naszego stoiska oraz do \u015bledzenia relacji z wydarzenia na naszej stronie oraz na profilu Poland tastes good w serwisach Facebook i LinkedIn.<\/p>\n","protected":false},"excerpt":{"rendered":"<p>Krajowy O\u015brodek Wsparcia Rolnictwa planuje organizacj\u0119 polskiego stoiska narodowego na targach spo\u017cywczych PLMA (World of Private Label International Trade Show), kt\u00f3re odb\u0119d\u0105 si\u0119 w dniach 19-20 maja 2026 r. w&#8230;<\/p>\n","protected":false},"author":10,"featured_media":33272,"comment_status":"closed","ping_status":"closed","template":"","meta":{"_acf_changed":false,"_tribe_events_status":"","_tribe_events_status_reason":"","footnotes":""},"tags":[],"tribe_events_cat":[789],"acf":[],"_links":{"self":[{"href":"https:\/\/www.polandtastesgood.pl\/pl\/wp-json\/wp\/v2\/tribe_events\/33915"}],"collection":[{"href":"https:\/\/www.polandtastesgood.pl\/pl\/wp-json\/wp\/v2\/tribe_events"}],"about":[{"href":"https:\/\/www.polandtastesgood.pl\/pl\/wp-json\/wp\/v2\/types\/tribe_events"}],"author":[{"embeddable":true,"href":"https:\/\/www.polandtastesgood.pl\/pl\/wp-json\/wp\/v2\/users\/10"}],"replies":[{"embeddable":true,"href":"https:\/\/www.polandtastesgood.pl\/pl\/wp-json\/wp\/v2\/comments?post=33915"}],"version-history":[{"count":1,"href":"https:\/\/www.polandtastesgood.pl\/pl\/wp-json\/wp\/v2\/tribe_events\/33915\/revisions"}],"predecessor-version":[{"id":33919,"href":"https:\/\/www.polandtastesgood.pl\/pl\/wp-json\/wp\/v2\/tribe_events\/33915\/revisions\/33919"}],"wp:featuredmedia":[{"embeddable":true,"href":"https:\/\/www.polandtastesgood.pl\/pl\/wp-json\/wp\/v2\/media\/33272"}],"wp:attachment":[{"href":"https:\/\/www.polandtastesgood.pl\/pl\/wp-json\/wp\/v2\/media?parent=33915"}],"wp:term":[{"taxonomy":"post_tag","embeddable":true,"href":"https:\/\/www.polandtastesgood.pl\/pl\/wp-json\/wp\/v2\/tags?post=33915"},{"taxonomy":"tribe_events_cat","embeddable":true,"href":"https:\/\/www.polandtastesgood.pl\/pl\/wp-json\/wp\/v2\/tribe_events_cat?post=33915"}],"curies":[{"name":"wp","href":"https:\/\/api.w.org\/{rel}","templated":true}]}}

<p>Krajowy Ośrodek Wsparcia Rolnictwa planuje organizację polskiego stoiska narodowego na targach spożywczych PLMA (World of Private Label International Trade Show), które odbędą się w dniach 19-20 maja 2026 r. w Amsterdamie w Niderlandach.</p>
<p><strong>PLMA „World of Private Label” </strong>to wiodące targi poświęcone produktom marki własnej. Wydarzenie gromadzi producentów, detalistów i profesjonalistów z całego świata. Stanowi kluczową platformę do prezentacji innowacji, trendów i strategii w zakresie rozwoju marek własnych.</p>
<p>Zapraszamy do odwiedzenia naszego stoiska oraz do śledzenia relacji z wydarzenia na naszej stronie oraz na profilu Poland tastes good w serwisach Facebook i LinkedIn.</p>

<p>Krajowy Ośrodek Wsparcia Rolnictwa planuje organizację polskiego stoiska narodowego na targach spożywczych PLMA (World of Private Label International Trade Show), które odbędą się w dniach 19-20 maja 2026 r. w&#8230;</p>
