{"id":33817,"date":"2026-01-27T15:27:57","date_gmt":"2026-01-27T14:27:57","guid":{"rendered":"https:\/\/www.polandtastesgood.pl\/?post_type=tribe_events&#038;p=33817"},"modified":"2026-03-04T10:23:00","modified_gmt":"2026-03-04T09:23:00","slug":"sial-canada-2026-polskie-stoisko-narodowe","status":"publish","type":"tribe_events","link":"https:\/\/www.polandtastesgood.pl\/pl\/wydarzenie\/sial-canada-2026-polskie-stoisko-narodowe\/","title":{"rendered":"SIAL Canada 2026 &#8211; polskie stoisko narodowe"},"content":{"rendered":"<p>Krajowy O\u015brodek Wsparcia Rolnictwa planuje organizacj\u0119 polskiego stoiska narodowego na targach SIAL Canada, kt\u00f3re odb\u0119d\u0105 si\u0119 w dniach 29 kwietnia &#8211; 1 maja 2026 r. w Montrealu w Kanadzie.<\/p>\n<p>Targi SIAL Canada to jedna z najwi\u0119kszych i najbardziej presti\u017cowych imprez targowo-wystawienniczych w bran\u017cy \u017cywno\u015bci i napoj\u00f3w w Kanadzie oraz w ca\u0142ej Ameryce P\u00f3\u0142nocnej. SIAL Canada to miejsce spotka\u0144 nie tylko z kanadyjskimi przedstawicielami bran\u017cy spo\u017cywczej, ale tak\u017ce mo\u017cliwo\u015b\u0107 poznania kontrahent\u00f3w z ca\u0142ego kontynentu ameryka\u0144skiego i innych region\u00f3w \u015bwiata. Targi przyci\u0105gaj\u0105 ponad 1.000 wystawc\u00f3w z Kanady i ponad 40 kraj\u00f3w oraz goszcz\u0105 ponad 21.000 zwiedzaj\u0105cych z Kanady, USA i oko\u0142o 70 innych kraj\u00f3w. SIAL Canada to jedyne targi w Kanadzie, kt\u00f3re skupiaj\u0105 pod jednym dachem kompletn\u0105 ofert\u0119 produkt\u00f3w spo\u017cywczych.<\/p>\n<p>Zapraszamy do odwiedzenia polskiego stoiska oraz do \u015bledzenia relacji z wydarzenia na naszej stronie oraz na profilach Poland Tastes Good na platformach Facebook i LinkedIn.<\/p>\n<p>&nbsp;<\/p>\n<p><a href=\"https:\/\/www.polandtastesgood.pl\/en\/sial-canada-2026-catalogue-of-exhibitors\/\" target=\"_blank\" rel=\"noopener\">SIAL CANADA 2026 &#8211; KATALOG WYSTAWC\u00d3W (EN)<\/a><\/p>\n","protected":false},"excerpt":{"rendered":"<p>Krajowy O\u015brodek Wsparcia Rolnictwa planuje organizacj\u0119 polskiego stoiska narodowego na targach SIAL Canada, kt\u00f3re odb\u0119d\u0105 si\u0119 w dniach 29 kwietnia &#8211; 1 maja 2026 r. w Montrealu w Kanadzie. Targi&#8230;<\/p>\n","protected":false},"author":10,"featured_media":33649,"comment_status":"closed","ping_status":"closed","template":"","meta":{"_acf_changed":false,"_tribe_events_status":"","_tribe_events_status_reason":"","footnotes":""},"tags":[],"tribe_events_cat":[779],"acf":[],"_links":{"self":[{"href":"https:\/\/www.polandtastesgood.pl\/pl\/wp-json\/wp\/v2\/tribe_events\/33817"}],"collection":[{"href":"https:\/\/www.polandtastesgood.pl\/pl\/wp-json\/wp\/v2\/tribe_events"}],"about":[{"href":"https:\/\/www.polandtastesgood.pl\/pl\/wp-json\/wp\/v2\/types\/tribe_events"}],"author":[{"embeddable":true,"href":"https:\/\/www.polandtastesgood.pl\/pl\/wp-json\/wp\/v2\/users\/10"}],"replies":[{"embeddable":true,"href":"https:\/\/www.polandtastesgood.pl\/pl\/wp-json\/wp\/v2\/comments?post=33817"}],"version-history":[{"count":2,"href":"https:\/\/www.polandtastesgood.pl\/pl\/wp-json\/wp\/v2\/tribe_events\/33817\/revisions"}],"predecessor-version":[{"id":35093,"href":"https:\/\/www.polandtastesgood.pl\/pl\/wp-json\/wp\/v2\/tribe_events\/33817\/revisions\/35093"}],"wp:featuredmedia":[{"embeddable":true,"href":"https:\/\/www.polandtastesgood.pl\/pl\/wp-json\/wp\/v2\/media\/33649"}],"wp:attachment":[{"href":"https:\/\/www.polandtastesgood.pl\/pl\/wp-json\/wp\/v2\/media?parent=33817"}],"wp:term":[{"taxonomy":"post_tag","embeddable":true,"href":"https:\/\/www.polandtastesgood.pl\/pl\/wp-json\/wp\/v2\/tags?post=33817"},{"taxonomy":"tribe_events_cat","embeddable":true,"href":"https:\/\/www.polandtastesgood.pl\/pl\/wp-json\/wp\/v2\/tribe_events_cat?post=33817"}],"curies":[{"name":"wp","href":"https:\/\/api.w.org\/{rel}","templated":true}]}}

<p>Krajowy Ośrodek Wsparcia Rolnictwa planuje organizację polskiego stoiska narodowego na targach SIAL Canada, które odbędą się w dniach 29 kwietnia &#8211; 1 maja 2026 r. w Montrealu w Kanadzie.</p>
<p>Targi SIAL Canada to jedna z największych i najbardziej prestiżowych imprez targowo-wystawienniczych w branży żywności i napojów w Kanadzie oraz w całej Ameryce Północnej. SIAL Canada to miejsce spotkań nie tylko z kanadyjskimi przedstawicielami branży spożywczej, ale także możliwość poznania kontrahentów z całego kontynentu amerykańskiego i innych regionów świata. Targi przyciągają ponad 1.000 wystawców z Kanady i ponad 40 krajów oraz goszczą ponad 21.000 zwiedzających z Kanady, USA i około 70 innych krajów. SIAL Canada to jedyne targi w Kanadzie, które skupiają pod jednym dachem kompletną ofertę produktów spożywczych.</p>
<p>Zapraszamy do odwiedzenia polskiego stoiska oraz do śledzenia relacji z wydarzenia na naszej stronie oraz na profilach Poland Tastes Good na platformach Facebook i LinkedIn.</p>
<p>&nbsp;</p>
<p><a href="https://www.polandtastesgood.pl/en/sial-canada-2026-catalogue-of-exhibitors/" target="_blank" rel="noopener">SIAL CANADA 2026 &#8211; KATALOG WYSTAWCÓW (EN)</a></p>

<p>Krajowy Ośrodek Wsparcia Rolnictwa planuje organizację polskiego stoiska narodowego na targach SIAL Canada, które odbędą się w dniach 29 kwietnia &#8211; 1 maja 2026 r. w Montrealu w Kanadzie. Targi&#8230;</p>
