{"id":32315,"date":"2025-10-08T11:22:30","date_gmt":"2025-10-08T09:22:30","guid":{"rendered":"https:\/\/www.polandtastesgood.pl\/?post_type=tribe_events&#038;p=32315"},"modified":"2026-04-29T12:20:27","modified_gmt":"2026-04-29T10:20:27","slug":"tuttofood-2026-polskie-stoisko-narodowe-w-mediolanie","status":"publish","type":"tribe_events","link":"https:\/\/www.polandtastesgood.pl\/pl\/wydarzenie\/tuttofood-2026-polskie-stoisko-narodowe-w-mediolanie\/","title":{"rendered":"TUTTOFOOD 2026 \u2013 polskie stoisko narodowe w Mediolanie"},"content":{"rendered":"<p>Krajowy O\u015brodek Wsparcia Rolnictwa planuje organizacj\u0119 polskiego stoiska narodowego na targach TUTTOFOOD 2026, kt\u00f3re odb\u0119d\u0105 si\u0119 w dniach 11-14 maja 2026 r. w Mediolanie we W\u0142oszech.<\/p>\n<p>Targi TUTTOFOOD nale\u017c\u0105 do najwi\u0119kszych i najwa\u017cniejszych wydarze\u0144 bran\u017cy spo\u017cywczej we W\u0142oszech. Wydarzenie to stanowi doskona\u0142\u0105 okazj\u0119 do nawi\u0105zania nowych kontakt\u00f3w biznesowych z potencjalnymi kontrahentami z W\u0142och oraz z Europy Po\u0142udniowej.<\/p>\n<p>Zapraszamy do odwiedzenia polskiego stoiska oraz do \u015bledzenia relacji z wydarzenia na naszej stronie oraz na profilu Poland tastes good na platformach Facebook i LinkedIn.<\/p>\n<p>&nbsp;<\/p>\n<p><strong><a href=\"https:\/\/www.polandtastesgood.pl\/en\/tuttofood-2026-catalogue-of-exhibitors\/\" target=\"_blank\" rel=\"noopener\">TUTTOFOOD 2026 &#8211; KATALOG WYSTAWC\u00d3W POLAND TASTES GOOD &#8211; ENG<\/a><\/strong><\/p>\n","protected":false},"excerpt":{"rendered":"<p>Krajowy O\u015brodek Wsparcia Rolnictwa planuje organizacj\u0119 polskiego stoiska narodowego na targach TUTTOFOOD 2026, kt\u00f3re odb\u0119d\u0105 si\u0119 w dniach 11-14 maja 2026 r. w Mediolanie we W\u0142oszech. Targi TUTTOFOOD nale\u017c\u0105 do&#8230;<\/p>\n","protected":false},"author":10,"featured_media":32308,"comment_status":"closed","ping_status":"closed","template":"","meta":{"_acf_changed":false,"_tribe_events_status":"","_tribe_events_status_reason":"","footnotes":""},"tags":[],"tribe_events_cat":[606],"acf":[],"_links":{"self":[{"href":"https:\/\/www.polandtastesgood.pl\/pl\/wp-json\/wp\/v2\/tribe_events\/32315"}],"collection":[{"href":"https:\/\/www.polandtastesgood.pl\/pl\/wp-json\/wp\/v2\/tribe_events"}],"about":[{"href":"https:\/\/www.polandtastesgood.pl\/pl\/wp-json\/wp\/v2\/types\/tribe_events"}],"author":[{"embeddable":true,"href":"https:\/\/www.polandtastesgood.pl\/pl\/wp-json\/wp\/v2\/users\/10"}],"replies":[{"embeddable":true,"href":"https:\/\/www.polandtastesgood.pl\/pl\/wp-json\/wp\/v2\/comments?post=32315"}],"version-history":[{"count":3,"href":"https:\/\/www.polandtastesgood.pl\/pl\/wp-json\/wp\/v2\/tribe_events\/32315\/revisions"}],"predecessor-version":[{"id":37071,"href":"https:\/\/www.polandtastesgood.pl\/pl\/wp-json\/wp\/v2\/tribe_events\/32315\/revisions\/37071"}],"wp:featuredmedia":[{"embeddable":true,"href":"https:\/\/www.polandtastesgood.pl\/pl\/wp-json\/wp\/v2\/media\/32308"}],"wp:attachment":[{"href":"https:\/\/www.polandtastesgood.pl\/pl\/wp-json\/wp\/v2\/media?parent=32315"}],"wp:term":[{"taxonomy":"post_tag","embeddable":true,"href":"https:\/\/www.polandtastesgood.pl\/pl\/wp-json\/wp\/v2\/tags?post=32315"},{"taxonomy":"tribe_events_cat","embeddable":true,"href":"https:\/\/www.polandtastesgood.pl\/pl\/wp-json\/wp\/v2\/tribe_events_cat?post=32315"}],"curies":[{"name":"wp","href":"https:\/\/api.w.org\/{rel}","templated":true}]}}

<p>Krajowy Ośrodek Wsparcia Rolnictwa planuje organizację polskiego stoiska narodowego na targach TUTTOFOOD 2026, które odbędą się w dniach 11-14 maja 2026 r. w Mediolanie we Włoszech.</p>
<p>Targi TUTTOFOOD należą do największych i najważniejszych wydarzeń branży spożywczej we Włoszech. Wydarzenie to stanowi doskonałą okazję do nawiązania nowych kontaktów biznesowych z potencjalnymi kontrahentami z Włoch oraz z Europy Południowej.</p>
<p>Zapraszamy do odwiedzenia polskiego stoiska oraz do śledzenia relacji z wydarzenia na naszej stronie oraz na profilu Poland tastes good na platformach Facebook i LinkedIn.</p>
<p>&nbsp;</p>
<p><strong><a href="https://www.polandtastesgood.pl/en/tuttofood-2026-catalogue-of-exhibitors/" target="_blank" rel="noopener">TUTTOFOOD 2026 &#8211; KATALOG WYSTAWCÓW POLAND TASTES GOOD &#8211; ENG</a></strong></p>

<p>Krajowy Ośrodek Wsparcia Rolnictwa planuje organizację polskiego stoiska narodowego na targach TUTTOFOOD 2026, które odbędą się w dniach 11-14 maja 2026 r. w Mediolanie we Włoszech. Targi TUTTOFOOD należą do&#8230;</p>
