{"id":32321,"date":"2025-10-08T11:39:53","date_gmt":"2025-10-08T09:39:53","guid":{"rendered":"https:\/\/www.polandtastesgood.pl\/wydarzenie\/tuttofood-2026-stand-national-de-la-pologne-a-milan\/"},"modified":"2026-04-29T12:28:25","modified_gmt":"2026-04-29T10:28:25","slug":"tuttofood-2026-stand-national-de-la-pologne-a-milan","status":"publish","type":"tribe_events","link":"https:\/\/www.polandtastesgood.pl\/fr\/wydarzenie\/tuttofood-2026-stand-national-de-la-pologne-a-milan\/","title":{"rendered":"TUTTOFOOD 2026 \u2013 stand national de la Pologne \u00e0 Milan"},"content":{"rendered":"<p>Le Centre national du Soutien \u00e0 l&rsquo;Agriculture (KOWR) pr\u00e9voit d&rsquo;organiser un stand national polonais au salon TUTTOFOOD 2026, qui se tiendra du 11 au 14 mai 2026 \u00e0 Milan, en Italie.<\/p>\n<p>Le salon TUTTOFOOD est l&rsquo;un des plus grands et des plus importants \u00e9v\u00e9nements de l&rsquo;industrie alimentaire en Italie. L&rsquo;\u00e9v\u00e9nement offre une excellente occasion d&rsquo;\u00e9tablir de nouveaux contacts commerciaux avec des entrepreneurs potentiels d&rsquo;Italie et d&rsquo;Europe du Sud.<\/p>\n<p>Nous vous invitons \u00e0 visiter le stand polonais et \u00e0 suivre la couverture de l&rsquo;\u00e9v\u00e9nement sur notre site web et sur le profil \u00ab Poland tastes good \u00bb sur Facebook et LinkedIn.<\/p>\n<p>&nbsp;<\/p>\n<p><strong><a href=\"https:\/\/www.polandtastesgood.pl\/en\/tuttofood-2026-catalogue-of-exhibitors\/\" target=\"_blank\" rel=\"noopener\">CATALOGUE DES EXPOSANTS POLONAIS AU SALON TUTTOFOOD 2026 &#8211; ENG<\/a><\/strong><\/p>\n","protected":false},"excerpt":{"rendered":"<p>Le Centre national du Soutien \u00e0 l&rsquo;Agriculture (KOWR) pr\u00e9voit d&rsquo;organiser un stand national polonais au salon TUTTOFOOD 2026, qui se tiendra du 11 au 14 mai 2026 \u00e0 Milan, en&#8230;<\/p>\n","protected":false},"author":10,"featured_media":32311,"comment_status":"closed","ping_status":"closed","template":"","meta":{"_acf_changed":false,"_tribe_events_status":"","_tribe_events_status_reason":"","footnotes":""},"tags":[],"tribe_events_cat":[647],"acf":[],"_links":{"self":[{"href":"https:\/\/www.polandtastesgood.pl\/fr\/wp-json\/wp\/v2\/tribe_events\/32321"}],"collection":[{"href":"https:\/\/www.polandtastesgood.pl\/fr\/wp-json\/wp\/v2\/tribe_events"}],"about":[{"href":"https:\/\/www.polandtastesgood.pl\/fr\/wp-json\/wp\/v2\/types\/tribe_events"}],"author":[{"embeddable":true,"href":"https:\/\/www.polandtastesgood.pl\/fr\/wp-json\/wp\/v2\/users\/10"}],"replies":[{"embeddable":true,"href":"https:\/\/www.polandtastesgood.pl\/fr\/wp-json\/wp\/v2\/comments?post=32321"}],"version-history":[{"count":2,"href":"https:\/\/www.polandtastesgood.pl\/fr\/wp-json\/wp\/v2\/tribe_events\/32321\/revisions"}],"predecessor-version":[{"id":37078,"href":"https:\/\/www.polandtastesgood.pl\/fr\/wp-json\/wp\/v2\/tribe_events\/32321\/revisions\/37078"}],"wp:featuredmedia":[{"embeddable":true,"href":"https:\/\/www.polandtastesgood.pl\/fr\/wp-json\/wp\/v2\/media\/32311"}],"wp:attachment":[{"href":"https:\/\/www.polandtastesgood.pl\/fr\/wp-json\/wp\/v2\/media?parent=32321"}],"wp:term":[{"taxonomy":"post_tag","embeddable":true,"href":"https:\/\/www.polandtastesgood.pl\/fr\/wp-json\/wp\/v2\/tags?post=32321"},{"taxonomy":"tribe_events_cat","embeddable":true,"href":"https:\/\/www.polandtastesgood.pl\/fr\/wp-json\/wp\/v2\/tribe_events_cat?post=32321"}],"curies":[{"name":"wp","href":"https:\/\/api.w.org\/{rel}","templated":true}]}}

TUTTOFOOD 2026 – stand national de la Pologne à Milan

<p>Le Centre national du Soutien à l&rsquo;Agriculture (KOWR) prévoit d&rsquo;organiser un stand national polonais au salon TUTTOFOOD 2026, qui se tiendra du 11 au 14 mai 2026 à Milan, en Italie.</p>
<p>Le salon TUTTOFOOD est l&rsquo;un des plus grands et des plus importants événements de l&rsquo;industrie alimentaire en Italie. L&rsquo;événement offre une excellente occasion d&rsquo;établir de nouveaux contacts commerciaux avec des entrepreneurs potentiels d&rsquo;Italie et d&rsquo;Europe du Sud.</p>
<p>Nous vous invitons à visiter le stand polonais et à suivre la couverture de l&rsquo;événement sur notre site web et sur le profil « Poland tastes good » sur Facebook et LinkedIn.</p>
<p>&nbsp;</p>
<p><strong><a href="https://www.polandtastesgood.pl/en/tuttofood-2026-catalogue-of-exhibitors/" target="_blank" rel="noopener">CATALOGUE DES EXPOSANTS POLONAIS AU SALON TUTTOFOOD 2026 &#8211; ENG</a></strong></p>

<p>Le Centre national du Soutien à l&rsquo;Agriculture (KOWR) prévoit d&rsquo;organiser un stand national polonais au salon TUTTOFOOD 2026, qui se tiendra du 11 au 14 mai 2026 à Milan, en&#8230;</p>
