{"id":33834,"date":"2026-01-27T16:07:00","date_gmt":"2026-01-27T15:07:00","guid":{"rendered":"https:\/\/www.polandtastesgood.pl\/wydarzenie\/sial-canada-2026-puesto-nacional-de-polonia\/"},"modified":"2026-01-27T16:07:00","modified_gmt":"2026-01-27T15:07:00","slug":"sial-canada-2026-puesto-nacional-de-polonia","status":"publish","type":"tribe_events","link":"https:\/\/www.polandtastesgood.pl\/es\/wydarzenie\/sial-canada-2026-puesto-nacional-de-polonia\/","title":{"rendered":"SIAL Canada 2026 &#8211; puesto nacional de Polonia"},"content":{"rendered":"<p>El Centro Nacional de Apoyo a la Agricultura tiene previsto organizar un stand nacional polaco en la feria SIAL Canada que se celebrar\u00e1 del 29 de abril al 1 de mayo de 2026 en Montreal, Canad\u00e1.<\/p>\n<p>La feria SIAL Canada es uno de los eventos feriales y expositivos m\u00e1s grandes y prestigiosos del sector de la alimentaci\u00f3n y las bebidas en Canad\u00e1 y en toda Norteam\u00e9rica. SIAL Canad\u00e1 es un lugar de encuentro no solo con representantes canadienses de la industria alimentaria, sino tambi\u00e9n una oportunidad para conocer a socios comerciales de todo el continente americano y otras regiones del mundo. La feria atrae a m\u00e1s de 1000 expositores de Canad\u00e1 y m\u00e1s de 40 pa\u00edses, y recibe a m\u00e1s de 21 000 visitantes de Canad\u00e1, Estados Unidos y otros 70 pa\u00edses. SIAL Canad\u00e1 es la \u00fanica feria en Canad\u00e1 que re\u00fane bajo un mismo techo una oferta completa de productos alimenticios.<\/p>\n<p>Le invitamos a visitar el stand polaco y a seguir la cobertura del evento en nuestra p\u00e1gina web y en los perfiles de Poland Tastes Good en Facebook y LinkedIn.<\/p>\n","protected":false},"excerpt":{"rendered":"<p>El Centro Nacional de Apoyo a la Agricultura tiene previsto organizar un stand nacional polaco en la feria SIAL Canada que se celebrar\u00e1 del 29 de abril al 1 de&#8230;<\/p>\n","protected":false},"author":10,"featured_media":33655,"comment_status":"closed","ping_status":"closed","template":"","meta":{"_acf_changed":false,"_tribe_events_status":"","_tribe_events_status_reason":"","footnotes":""},"tags":[],"tribe_events_cat":[782],"acf":[],"_links":{"self":[{"href":"https:\/\/www.polandtastesgood.pl\/es\/wp-json\/wp\/v2\/tribe_events\/33834"}],"collection":[{"href":"https:\/\/www.polandtastesgood.pl\/es\/wp-json\/wp\/v2\/tribe_events"}],"about":[{"href":"https:\/\/www.polandtastesgood.pl\/es\/wp-json\/wp\/v2\/types\/tribe_events"}],"author":[{"embeddable":true,"href":"https:\/\/www.polandtastesgood.pl\/es\/wp-json\/wp\/v2\/users\/10"}],"replies":[{"embeddable":true,"href":"https:\/\/www.polandtastesgood.pl\/es\/wp-json\/wp\/v2\/comments?post=33834"}],"version-history":[{"count":0,"href":"https:\/\/www.polandtastesgood.pl\/es\/wp-json\/wp\/v2\/tribe_events\/33834\/revisions"}],"wp:featuredmedia":[{"embeddable":true,"href":"https:\/\/www.polandtastesgood.pl\/es\/wp-json\/wp\/v2\/media\/33655"}],"wp:attachment":[{"href":"https:\/\/www.polandtastesgood.pl\/es\/wp-json\/wp\/v2\/media?parent=33834"}],"wp:term":[{"taxonomy":"post_tag","embeddable":true,"href":"https:\/\/www.polandtastesgood.pl\/es\/wp-json\/wp\/v2\/tags?post=33834"},{"taxonomy":"tribe_events_cat","embeddable":true,"href":"https:\/\/www.polandtastesgood.pl\/es\/wp-json\/wp\/v2\/tribe_events_cat?post=33834"}],"curies":[{"name":"wp","href":"https:\/\/api.w.org\/{rel}","templated":true}]}}

<p>El Centro Nacional de Apoyo a la Agricultura tiene previsto organizar un stand nacional polaco en la feria SIAL Canada que se celebrará del 29 de abril al 1 de mayo de 2026 en Montreal, Canadá.</p>
<p>La feria SIAL Canada es uno de los eventos feriales y expositivos más grandes y prestigiosos del sector de la alimentación y las bebidas en Canadá y en toda Norteamérica. SIAL Canadá es un lugar de encuentro no solo con representantes canadienses de la industria alimentaria, sino también una oportunidad para conocer a socios comerciales de todo el continente americano y otras regiones del mundo. La feria atrae a más de 1000 expositores de Canadá y más de 40 países, y recibe a más de 21 000 visitantes de Canadá, Estados Unidos y otros 70 países. SIAL Canadá es la única feria en Canadá que reúne bajo un mismo techo una oferta completa de productos alimenticios.</p>
<p>Le invitamos a visitar el stand polaco y a seguir la cobertura del evento en nuestra página web y en los perfiles de Poland Tastes Good en Facebook y LinkedIn.</p>

<p>El Centro Nacional de Apoyo a la Agricultura tiene previsto organizar un stand nacional polaco en la feria SIAL Canada que se celebrará del 29 de abril al 1 de&#8230;</p>
