{"id":33833,"date":"2026-01-27T16:01:28","date_gmt":"2026-01-27T15:01:28","guid":{"rendered":"https:\/\/www.polandtastesgood.pl\/wydarzenie\/sial-canada-2026-polnischer-nationalstand\/"},"modified":"2026-01-27T16:01:28","modified_gmt":"2026-01-27T15:01:28","slug":"sial-canada-2026-polnischer-nationalstand","status":"publish","type":"tribe_events","link":"https:\/\/www.polandtastesgood.pl\/de\/wydarzenie\/sial-canada-2026-polnischer-nationalstand\/","title":{"rendered":"SIAL Canada 2026 \u2013 Polnischer Nationalstand"},"content":{"rendered":"<p>Das Nationale Zentrum f\u00fcr die F\u00f6rderung der Landwirtschaft plant die Organisation eines polnischen Stands auf der Messe SIAL Canada, die vom 29. April bis zum 1. Mai 2026 in Montreal, Kanada, stattfindet.<\/p>\n<p>Die SIAL Canada ist eine der gr\u00f6\u00dften und renommiertesten Messe- und Ausstellungsveranstaltungen der Lebensmittel- und Getr\u00e4nkeindustrie in Kanada und ganz Nordamerika. Die SIAL Canada ist nicht nur ein Treffpunkt f\u00fcr kanadische Vertreter der Lebensmittelbranche, sondern bietet auch die M\u00f6glichkeit, Gesch\u00e4ftspartner aus ganz Amerika und anderen Regionen der Welt kennenzulernen. Die Messe zieht \u00fcber 1.000 Aussteller aus Kanada und mehr als 40 L\u00e4ndern an und empf\u00e4ngt \u00fcber 21.000 Besucher aus Kanada, den USA und rund 70 weiteren L\u00e4ndern. Die SIAL Canada ist die einzige Messe in Kanada, die das gesamte Angebot an Lebensmitteln unter einem Dach vereint.<\/p>\n<p>Wir laden Sie herzlich ein, den polnischen Stand zu besuchen und die Berichterstattung \u00fcber die Veranstaltung auf unserer Website und auf den Profilen von Poland Tastes Good auf Facebook und LinkedIn zu verfolgen.<\/p>\n","protected":false},"excerpt":{"rendered":"<p>Das Nationale Zentrum f\u00fcr die F\u00f6rderung der Landwirtschaft plant die Organisation eines polnischen Stands auf der Messe SIAL Canada, die vom 29. April bis zum 1. Mai 2026 in Montreal,&#8230;<\/p>\n","protected":false},"author":10,"featured_media":33653,"comment_status":"closed","ping_status":"closed","template":"","meta":{"_acf_changed":false,"_tribe_events_status":"","_tribe_events_status_reason":"","footnotes":""},"tags":[],"tribe_events_cat":[781],"acf":[],"_links":{"self":[{"href":"https:\/\/www.polandtastesgood.pl\/de\/wp-json\/wp\/v2\/tribe_events\/33833"}],"collection":[{"href":"https:\/\/www.polandtastesgood.pl\/de\/wp-json\/wp\/v2\/tribe_events"}],"about":[{"href":"https:\/\/www.polandtastesgood.pl\/de\/wp-json\/wp\/v2\/types\/tribe_events"}],"author":[{"embeddable":true,"href":"https:\/\/www.polandtastesgood.pl\/de\/wp-json\/wp\/v2\/users\/10"}],"replies":[{"embeddable":true,"href":"https:\/\/www.polandtastesgood.pl\/de\/wp-json\/wp\/v2\/comments?post=33833"}],"version-history":[{"count":0,"href":"https:\/\/www.polandtastesgood.pl\/de\/wp-json\/wp\/v2\/tribe_events\/33833\/revisions"}],"wp:featuredmedia":[{"embeddable":true,"href":"https:\/\/www.polandtastesgood.pl\/de\/wp-json\/wp\/v2\/media\/33653"}],"wp:attachment":[{"href":"https:\/\/www.polandtastesgood.pl\/de\/wp-json\/wp\/v2\/media?parent=33833"}],"wp:term":[{"taxonomy":"post_tag","embeddable":true,"href":"https:\/\/www.polandtastesgood.pl\/de\/wp-json\/wp\/v2\/tags?post=33833"},{"taxonomy":"tribe_events_cat","embeddable":true,"href":"https:\/\/www.polandtastesgood.pl\/de\/wp-json\/wp\/v2\/tribe_events_cat?post=33833"}],"curies":[{"name":"wp","href":"https:\/\/api.w.org\/{rel}","templated":true}]}}

<p>Das Nationale Zentrum für die Förderung der Landwirtschaft plant die Organisation eines polnischen Stands auf der Messe SIAL Canada, die vom 29. April bis zum 1. Mai 2026 in Montreal, Kanada, stattfindet.</p>
<p>Die SIAL Canada ist eine der größten und renommiertesten Messe- und Ausstellungsveranstaltungen der Lebensmittel- und Getränkeindustrie in Kanada und ganz Nordamerika. Die SIAL Canada ist nicht nur ein Treffpunkt für kanadische Vertreter der Lebensmittelbranche, sondern bietet auch die Möglichkeit, Geschäftspartner aus ganz Amerika und anderen Regionen der Welt kennenzulernen. Die Messe zieht über 1.000 Aussteller aus Kanada und mehr als 40 Ländern an und empfängt über 21.000 Besucher aus Kanada, den USA und rund 70 weiteren Ländern. Die SIAL Canada ist die einzige Messe in Kanada, die das gesamte Angebot an Lebensmitteln unter einem Dach vereint.</p>
<p>Wir laden Sie herzlich ein, den polnischen Stand zu besuchen und die Berichterstattung über die Veranstaltung auf unserer Website und auf den Profilen von Poland Tastes Good auf Facebook und LinkedIn zu verfolgen.</p>

<p>Das Nationale Zentrum für die Förderung der Landwirtschaft plant die Organisation eines polnischen Stands auf der Messe SIAL Canada, die vom 29. April bis zum 1. Mai 2026 in Montreal,&#8230;</p>
